t is the highest common divisor of 199689 and 12429291?
5397
Calculate the greatest common divisor of 3901 and 1607544.
83
What is the highest common divisor of 21698400 and 6600?
600
Calculate the highest common divisor of 52578209 and 111449.
8573
What is the highest common divisor of 19869048 and 1435664?
13544
What is the highest common factor of 77121 and 9918513?
1881
Calculate the greatest common factor of 200 and 19406110.
10
What is the greatest common factor of 665 and 1001357?
133
Calculate the highest common divisor of 3087098 and 29750.
238
What is the greatest common divisor of 4986716 and 179662?
4382
Calculate the highest common divisor of 70132098 and 11862.
3954
What is the highest common divisor of 2651 and 157896211?
2651
Calculate the highest common factor of 14637116 and 1166.
106
What is the greatest common divisor of 107996756 and 161?
7
What is the highest common divisor of 22 and 105531294?
22
What is the highest common factor of 6316884 and 3528?
1764
Calculate the highest common factor of 3469648 and 308.
28
What is the greatest common divisor of 8338881 and 7708?
47
Calculate the highest common divisor of 502021 and 236301.
949
Calculate the highest common factor of 860 and 3426860.
20
What is the highest common factor of 37786663 and 83?
83
What is the highest common divisor of 18265 and 146328221?
3653
Calculate the greatest common factor of 5193816 and 134924.
1516
What is the highest common factor of 2987880 and 322?
14
Calculate the greatest common divisor of 56441275 and 55.
55
What is the greatest common divisor of 1105 and 1469286?
13
What is the greatest common divisor of 13 and 30342013?
13
Calculate the greatest common divisor of 135327 and 442953.
237
Calculate the highest common factor of 7170 and 9963910.
2390
What is the greatest common factor of 680775 and 58?
29
Calculate the highest common factor of 14 and 4110043.
7
What is the greatest common factor of 24245 and 22456465?
1865
Calculate the highest common divisor of 1015722 and 25509.
2319
Calculate the highest common divisor of 267716 and 1578229.
2159
What is the greatest common factor of 5900 and 2706300?
100
Calculate the highest common factor of 770256 and 6228.
36
Calculate the greatest common divisor of 56243 and 12793.
11
What is the highest common divisor of 17453275 and 70?
35
What is the highest common factor of 5248699 and 153?
17
What is the highest common factor of 1755 and 32659065?
135
Calculate the highest common divisor of 1389 and 70273677.
1389
Calculate the highest common divisor of 99 and 989721.
9
What is the highest common divisor of 1361 and 64086768?
1361
What is the greatest common factor of 93 and 262962057?
93
What is the greatest common factor of 1442447950 and 50?
50
Calculate the highest common divisor of 33177712 and 16.
16
What is the greatest common factor of 2073795 and 91425?
345
Calculate the greatest common divisor of 102579 and 155.
31
What is the highest common factor of 377 and 2120393?
29
What is the highest common factor of 174 and 13288032?
174
What is the highest common divisor of 327149589 and 39?
39
What is the greatest common factor of 28 and 3737054132?
28
What is the greatest common factor of 12138 and 22143180?
1734
Calculate the highest common factor of 264 and 6849048.
24
Calculate the highest common divisor of 5507642 and 84.
14
What is the highest common divisor of 54765 and 55?
5
What is the highest common factor of 150 and 51229470?
30
What is the greatest common divisor of 27297 and 2529?
9
Calculate the highest common divisor of 5780 and 60320369.
289
What is the greatest common factor of 2556190 and 2002?
182
What is the highest common factor of 928 and 1370048?
32
Calculate the greatest common factor of 78448190 and 15507.
1723
What is the highest common factor of 30059 and 9?
1
Calculate the highest common divisor of 20 and 540790.
10
Calculate the greatest common factor of 6550 and 26803910.
1310
Calculate the greatest common divisor of 211172336 and 11920.
2384
Calculate the highest common factor of 46 and 61139382.
46
Calculate the greatest common divisor of 18312 and 305527.
109
Calculate the greatest common divisor of 1957 and 3617258.
19
Calculate the highest common divisor of 3340368 and 58896.
144
What is the highest common divisor of 55386 and 38813278?
6154
What is the greatest common divisor of 952 and 28527394?
238
Calculate the highest common factor of 15393458 and 19.
19
What is the highest common divisor of 2436 and 684168?
348
What is the greatest common divisor of 3325 and 31738?
7
What is the highest common divisor of 103705472 and 3328?
1664
Calculate the greatest common divisor of 531 and 22103757.
9
What is the highest common divisor of 375870 and 522750?
510
What is the highest common divisor of 26389935 and 2145?
2145
Calculate the greatest common divisor of 3504978 and 210654.
2538
What is the greatest common factor of 6343501 and 563726?
3167
What is the greatest common divisor of 330624 and 26544?
336
What is the highest common factor of 189312 and 49232?
272
Calculate the greatest common factor of 33191022 and 60.
6
Calculate the highest common factor of 50 and 24483550.
50
Calculate the greatest common divisor of 9184 and 185536.
32
Calculate the highest common divisor of 10199712 and 2715.
543
Calculate the highest common factor of 1557 and 12580906.
173
Calculate the highest common divisor of 6 and 1610013.
3
Calculate the greatest common factor of 42034534 and 1059.
353
Calculate the greatest common factor of 86 and 10659184.
86
Calculate the highest common factor of 25554168 and 2232.
2232
Calculate the greatest common divisor of 204 and 3940396.
68
Calculate the highest common divisor of 16308656 and 56.
56
Calculate the greatest common divisor of 10740395 and 84425.
1535
Calculate the greatest common factor of 13197177 and 6909.
987
Calculate the greatest common divisor of 105623254 and 44.
22
Calculate the greatest common factor of 527975 and 19826.
431
Calculate the highest common factor of 372 and 12842160.
12
Calculate the highest common factor of 3098004 and 8736.
1092
What is the greatest common divisor of 4173348 and 27?
3
Calculate the highest common divisor of 9060 and 50003952.
1812
What is the highest common factor of 6897 and 18713013?
363
Calculate the highest common factor of 2673038 and 82.
2
Calculate the greatest common factor of 5222 and 109817914.
746
What is the greatest common factor of 1997 and 1983953599?
1997
What is the highest common divisor of 163180 and 55?
5
Calculate the highest common divisor of 81 and 56776491.
27
What is the highest common divisor of 8968 and 13840987?
1121
Calculate the highest common divisor of 1452 and 130108396.
484
What is the highest common factor of 6105962 and 7570?
1514
What is the greatest common factor of 161850 and 4800?
150
Calculate the greatest common factor of 215 and 1510105175.
215
Calculate the highest common divisor of 15360 and 39207936.
3072
Calculate the highest common divisor of 755738 and 34368.
358
What is the greatest common factor of 320 and 1781350?
10
Calculate the greatest common divisor of 77 and 489653549.
77
Calculate the highest common divisor of 272041 and 1837.
11
Calculate the greatest common divisor of 126 and 18577962.
18
Calculate the greatest common divisor of 487155 and 180.
15
Calculate the highest common factor of 132918702 and 966.
966
What is the highest common divisor of 20602254 and 164?
82
Calculate the highest common factor of 20192245 and 16765.
2395
What is the highest common divisor of 153242 and 22774?
386
What is the highest common divisor of 39668 and 79969?
211
What is the greatest common factor of 47792800 and 800?
800
Calculate the highest common factor of 2120 and 3515080.
40
Calculate the greatest common factor of 209 and 35746513.
11
What is the greatest common divisor of 1941190 and 290?
10
Calculate the highest common divisor of 45841072 and 1818.
202
Calculate the greatest common factor of 4273276 and 42.
14
Calculate the highest common factor of 33800175 and 180.
45
Calculate the highest common factor of 15137880 and 72442.
2498
Calculate the greatest common divisor of 7752 and 1115832.
456
Calculate the highest common divisor of 